{"id":998,"date":"2020-01-28T11:37:56","date_gmt":"2020-01-28T11:37:56","guid":{"rendered":"https:\/\/carlescastillo.com\/web\/?page_id=998"},"modified":"2023-04-28T06:43:22","modified_gmt":"2023-04-28T06:43:22","slug":"sur-moi","status":"publish","type":"page","link":"https:\/\/carlescastillo.com\/web\/fr\/sur-moi\/","title":{"rendered":"Sur moi"},"content":{"rendered":"<p>[vc_row gap=\u00bb35&#8243; css=\u00bb.vc_custom_1580204172250{padding-top: 50px !important;padding-bottom: 100px !important;}\u00bb][vc_column width=\u00bb1\/2&#8243;][vc_single_image image=\u00bb1195&#8243; img_size=\u00bbfull\u00bb][\/vc_column][vc_column width=\u00bb1\/2&#8243;][vc_custom_heading text=\u00bbCARLES CASTILLO\u00bb font_container=\u00bbtag:h2|font_size:40px|text_align:left|color:%23f2b449|line_height:1em\u00bb google_fonts=\u00bbfont_family:Montserrat%3Aregular%2C700|font_style:700%20bold%20regular%3A700%3Anormal\u00bb css=\u00bb.vc_custom_1580488188599{margin-bottom: 40px !important;}\u00bb][vc_column_text css=\u00bb.vc_custom_1580495196288{margin-bottom: 10px !important;}\u00bb]<\/p>\n<p style=\"font-size: 13px;\">Je travaille comme cam\u00e9raman depuis 2000, bas\u00e9 \u00e0 Barcelone, en Espagne. Dipl\u00f4m\u00e9 en tant que Technicien Sup\u00e9rieur en Image de l&#8217;\u00c9cole Polytechnique Sant Ignasi Sarri\u00e0, Barcelone, je suis sp\u00e9cialis\u00e9 dans l&#8217;image sous-marine et la faune.<br \/>\nJury national (CMAS) de vid\u00e9o sous-marine.<\/p>\n<p style=\"font-size: 13px;\">Depuis la cr\u00e9ation de la soci\u00e9t\u00e9 de production CARLES CASTILLO &#8211; NATURE PRODUCTIONS, j&#8217;enregistre des images sous-marines dans diff\u00e9rentes mers et oc\u00e9ans, ainsi que des animaux sauvages dans les for\u00eats tropicales et hautes montagnes.<\/p>\n<p style=\"font-size: 13px;\">Les documentaires produits par la soci\u00e9t\u00e9 de production sont diffus\u00e9s dans plus de 83 pays.<\/p>\n<p style=\"text-align: justify; font-size: 13px;\">Mes images ont \u00e9t\u00e9 enregistr\u00e9es et diffus\u00e9es entre autres pour: Air Europa, Televisi\u00f3n Espa\u00f1ola (TVE S.A.), Televisi\u00f3 de Catalunya (TV3), Discovery, Grupo V, Canal +, Canal 7, Federaci\u00f3n Espa\u00f1ola de Actividades Subacu\u00e1ticas (FEDAS), Federaci\u00f3 Catalana d&#8217;Activitats Subaqu\u00e0tiques (FECDAS), Ayuntamiento de Barcelona, Ayuntamiento de Matar\u00f3, Xatrac.org, Photomarina, Geonature, CEAB-CSIC, Canal +, Aqualung Espa\u00f1a y Portugal y Cressi Espa\u00f1a.<\/p>\n<p style=\"text-align: justify; font-size: 13px;\"><strong>Pr\u00eat \u00e0 explorer?<\/strong><\/p>\n<p>[\/vc_column_text][\/vc_column][\/vc_row][vc_row gap=\u00bb35&#8243;][vc_column width=\u00bb1\/2&#8243;][vc_custom_heading text=\u00bbLES SERVICES\u00bb font_container=\u00bbtag:h2|font_size:40px|text_align:left|color:%23f2b449|line_height:1em\u00bb google_fonts=\u00bbfont_family:Montserrat%3Aregular%2C700|font_style:700%20bold%20regular%3A700%3Anormal\u00bb css=\u00bb.vc_custom_1580981589204{margin-bottom: 40px !important;}\u00bb][vc_column_text]<\/p>\n<ul>\n<li>\n<p style=\"text-align: justify; font-size: 13px;\"><strong>DOCUMENTS NATURELS:<\/strong> Je r\u00e9alise des documentaires sur la nature pour des cha\u00eenes th\u00e9matiques et des magazines sp\u00e9cialis\u00e9s. Travail sur terre, mer ou air (Drone). J&#8217;ai le meilleur \u00e9quipement pour tirer le meilleur parti de l&#8217;environnement et offrir les meilleurs r\u00e9sultats, que ce soit en haute montagne ou sous la surface de la mer.<\/p>\n<p>&nbsp;<\/li>\n<li>\n<p style=\"text-align: justify; font-size: 13px;\"><strong>IMAGE SOUS-MARINE:<\/strong> L&#8217;image sous-marine est une partie tr\u00e8s importante de mon travail quotidien. Sp\u00e9cialis\u00e9e dans ce secteur depuis plus de 20 ans, j&#8217;ai collabor\u00e9 \u00e0 d&#8217;importants projets de diff\u00e9rents t\u00e9l\u00e9viseurs tels que la s\u00e9rie Bubbles de TVE, S.A. ou les diff\u00e9rents rapports publi\u00e9s sur diff\u00e9rentes cha\u00eenes th\u00e9matiques.<br \/>\n<a href=\"http:\/\/www.rtve.es\/alacarta\/videos\/bubbles\/bubbles-layang-layang\/3307982\/\">http:\/\/www.rtve.es\/alacarta\/videos\/bubbles\/bubbles-layang-layang\/3307982\/<\/a><br \/>\n<a href=\"http:\/\/www.rtve.es\/alacarta\/videos\/bubbles\/bubbles-raja-empat\/4704324\/\">http:\/\/www.rtve.es\/alacarta\/videos\/bubbles\/bubbles-raja-empat\/4704324\/<\/a><\/p>\n<p>&nbsp;<\/li>\n<li>\n<p style=\"text-align: justify; font-size: 13px;\"><strong>RAPPORTS SCIENTIFIQUES:<\/strong> Ils sont li\u00e9s au monde de la science. Les organisations partenaires de la SCCI comme <span style=\"color: #999999;\"><a style=\"color: #999999;\" href=\"https:\/\/www.xatrac.org\/\" target=\"_blank\" rel=\"noopener\">Xatrac<\/a><\/span> ou <span style=\"color: #999999;\"><a style=\"color: #999999;\" href=\"https:\/\/www.instagram.com\/hidden_deserts\/\" target=\"_blank\" rel=\"noopener\">HiddenDeserts<\/a><\/span> sont des exemples de clients de cette nature.<\/p>\n<\/li>\n<\/ul>\n<p>[\/vc_column_text][vc_empty_space][vc_custom_heading text=\u00bb\u00c9QUIPE DE TRAVAIL\u00bb font_container=\u00bbtag:h2|font_size:40px|text_align:left|color:%23f2b449|line_height:1em\u00bb google_fonts=\u00bbfont_family:Montserrat%3Aregular%2C700|font_style:700%20bold%20regular%3A700%3Anormal\u00bb css=\u00bb.vc_custom_1580495254669{margin-bottom: 40px !important;}\u00bb][vc_column_text]<\/p>\n<p style=\"text-align: justify; font-size: 13px;\">\u00c9quipement d&#8217;enregistrement complet sur terre, mer et air aux formats RAW, 6k, 4k, UHD et FULL HD.<\/p>\n<ul>\n<li>\n<p style=\"text-align: justify; font-size: 13px;\"><strong>TERRE:<\/strong> \u00c9quipement d&#8217;enregistrement 6k et 4k avec les derni\u00e8res cam\u00e9ras sur le march\u00e9.<\/p>\n<\/li>\n<li>\n<p style=\"text-align: justify; font-size: 13px;\"><strong>MER:<\/strong> Dans et hors de l&#8217;eau. Enregistrements sous-marins de qualit\u00e9 sup\u00e9rieure en 6k et 4k. \u00c9clairage sous-marin \u00e0 LED.<\/p>\n<\/li>\n<li>\n<p style=\"text-align: justify; font-size: 13px;\"><strong>AIR:<\/strong> Drone 4k.<\/p>\n<\/li>\n<\/ul>\n<p style=\"text-align: justify; font-size: 13px;\">Nous avons \u00e9galement un \u00e9quipement complet de montage et de postproduction en 8k, 6k, 4k et FULL HD, des coloristes, des experts en montage audio, des intervenants sp\u00e9cialis\u00e9s dans les documentaires et la publicit\u00e9 (documentaires TVE2, Discovery Channel, etc.). Une \u00e9quipe enti\u00e8rement sp\u00e9cialis\u00e9e pour mener \u00e0 bien tout projet.<\/p>\n<p>[\/vc_column_text][\/vc_column][vc_column width=\u00bb1\/2&#8243;][vc_custom_heading text=\u00bbCV\u00bb font_container=\u00bbtag:h2|font_size:40px|text_align:left|color:%23f2b449|line_height:1em\u00bb google_fonts=\u00bbfont_family:Montserrat%3Aregular%2C700|font_style:700%20bold%20regular%3A700%3Anormal\u00bb css=\u00bb.vc_custom_1580495215236{margin-bottom: 40px !important;}\u00bb][vc_column_text]<span style=\"font-size: 13px;\"><strong>Carles Castillo \u2013\u00a0 Nature Productions (2000 au pr\u00e9sent)<br \/>\n<\/strong>Op\u00e9rateur cam\u00e9ra, montage et postproduction. Image sous-marine et terrestre. R\u00e9alisation de documentaires sur la nature.<br \/>\n<\/span><\/p>\n<p><span style=\"font-size: 13px;\"><strong>Reivax Films (2004 \u2013 2011)<br \/>\n<\/strong>Op\u00e9rateur cam\u00e9ra, montage et postproduction. Image sous-marine et terrestre.<br \/>\n<\/span><\/p>\n<p><span style=\"font-size: 13px;\"><strong>Natural Vision Films (2009 \u2013 2010)<br \/>\n<\/strong>Cam\u00e9ra et op\u00e9rateur de cam\u00e9ra sous-marine, enregistrement et montage de documentaires sur la nature.<br \/>\n<\/span><\/p>\n<p><span style=\"font-size: 13px;\"><strong>TVE,S.A. (2004 \u2013 2005)<br \/>\n<\/strong>Op\u00e9rateur de cam\u00e9ra Image sous-marine et terrestre.<br \/>\n<\/span><\/p>\n<p><span style=\"font-size: 13px;\"><strong>Discovery Channel (2004)<br \/>\n<\/strong>Op\u00e9rateur de cam\u00e9ra Image sous-marine.<br \/>\n<\/span><\/p>\n<p><span style=\"font-size: 13px;\"><strong>Localia Viladecans TV (2003)<br \/>\n<\/strong>Op\u00e9rateur de cam\u00e9ra et \u00e9dition d&#8217;informations.<br \/>\n<\/span><\/p>\n<p><span style=\"font-size: 13px;\"><strong>Photomarina (2003)<br \/>\n<\/strong>Op\u00e9rateur de cam\u00e9ra Image sous-marine et terrestre.<br \/>\n<\/span><\/p>\n<p><span style=\"font-size: 13px;\"><strong>2000 \u2013 Jusqu&#8217;\u00e0 maintenant<br \/>\n<\/strong>Conf\u00e9rences et pr\u00e9sentations sur l&#8217;image sous-marine.<br \/>\n<\/span><\/p>\n<p><span style=\"font-size: 13px;\"><strong>Jury vid\u00e9o sous-marin national<\/strong><\/span>[\/vc_column_text][\/vc_column][\/vc_row][vc_row css=\u00bb.vc_custom_1441980571725{padding-top: 100px !important;}\u00bb][vc_column][vc_custom_heading text=\u00bbSPONSORS\u00bb font_container=\u00bbtag:h2|font_size:22px|text_align:center|line_height:1em\u00bb google_fonts=\u00bbfont_family:Montserrat%3Aregular%2C700|font_style:700%20bold%20regular%3A700%3Anormal\u00bb css=\u00bb.vc_custom_1580203736177{margin-bottom: 40px !important;}\u00bb][vc_single_image image=\u00bb1384&#8243; img_size=\u00bb1920&#215;100&#8243; alignment=\u00bbcenter\u00bb][vc_column_text]<\/p>\n<p style=\"text-align: center; font-size: 13px;\">Je remercie tous les sponsors pour leur soutien total.<\/p>\n<p style=\"text-align: center; font-size: 13px;\"><strong>Aqualung Espa\u00f1a y Portugal<\/strong><br \/>\n<a href=\"http:\/\/www.aqualung.com\/es\/\" target=\"_blank\" rel=\"noopener noreferrer\">http:\/\/www.aqualung.com\/es\/<\/a><\/p>\n<p style=\"text-align: center; font-size: 13px;\"><strong>Apeks<\/strong><br \/>\n<a href=\"https:\/\/www.apeksdiving.com\/es\/\" target=\"_blank\" rel=\"noopener noreferrer\">https:\/\/www.apeksdiving.com\/es\/<\/a><\/p>\n<p style=\"text-align: center; font-size: 13px;\"><strong>Suministros Evia<\/strong><br \/>\n<a href=\"https:\/\/www.evia.es\/\" target=\"_blank\" rel=\"noopener noreferrer\">https:\/\/www.evia.es\/<\/a><\/p>\n<p style=\"text-align: center; font-size: 13px;\"><strong>Hart-hunting<\/strong><br \/>\n<a href=\"https:\/\/www.hart-hunting.com\/es\" target=\"_blank\" rel=\"noopener noreferrer\">https:\/\/www.hart-hunting.com\/es<\/a>[\/vc_column_text][\/vc_column][\/vc_row]<\/p>\n","protected":false},"excerpt":{"rendered":"<p>[vc_row gap=\u00bb35&#8243; css=\u00bb.vc_custom_1580204172250{padding-top: 50px !important;padding-bottom: 100px !important;}\u00bb][vc_column width=\u00bb1\/2&#8243;][vc_single_image image=\u00bb1195&#8243; img_size=\u00bbfull\u00bb][\/vc_column][vc_column width=\u00bb1\/2&#8243;][vc_custom_heading text=\u00bbCARLES CASTILLO\u00bb font_container=\u00bbtag:h2|font_size:40px|text_align:left|color:%23f2b449|line_height:1em\u00bb google_fonts=\u00bbfont_family:Montserrat%3Aregular%2C700|font_style:700%20bold%20regular%3A700%3Anormal\u00bb css=\u00bb.vc_custom_1580488188599{margin-bottom: 40px !important;}\u00bb][vc_column_text css=\u00bb.vc_custom_1580495196288{margin-bottom: 10px !important;}\u00bb] Je travaille comme cam\u00e9raman depuis 2000, bas\u00e9 \u00e0 Barcelone, en Espagne. Dipl\u00f4m\u00e9 en tant que Technicien Sup\u00e9rieur en Image de l&#8217;\u00c9cole Polytechnique Sant Ignasi Sarri\u00e0, Barcelone, je suis sp\u00e9cialis\u00e9 dans l&#8217;image sous-marine et la [&hellip;]<\/p>\n","protected":false},"author":1,"featured_media":0,"parent":0,"menu_order":0,"comment_status":"closed","ping_status":"closed","template":"","meta":{"footnotes":""},"yoast_head":"<!-- This site is optimized with the Yoast SEO plugin v22.3 - https:\/\/yoast.com\/wordpress\/plugins\/seo\/ -->\n<title>Sur moi - Carles Castillo<\/title>\n<meta name=\"robots\" content=\"index, follow, max-snippet:-1, max-image-preview:large, max-video-preview:-1\" \/>\n<link rel=\"canonical\" href=\"https:\/\/carlescastillo.com\/web\/fr\/sur-moi\/\" \/>\n<meta property=\"og:locale\" content=\"es_ES\" \/>\n<meta property=\"og:type\" content=\"article\" \/>\n<meta property=\"og:title\" content=\"Sur moi - Carles Castillo\" \/>\n<meta property=\"og:description\" content=\"[vc_row gap=\u00bb35&#8243; css=\u00bb.vc_custom_1580204172250{padding-top: 50px !important;padding-bottom: 100px !important;}\u00bb][vc_column width=\u00bb1\/2&#8243;][vc_single_image image=\u00bb1195&#8243; img_size=\u00bbfull\u00bb][\/vc_column][vc_column width=\u00bb1\/2&#8243;][vc_custom_heading text=\u00bbCARLES CASTILLO\u00bb font_container=\u00bbtag:h2|font_size:40px|text_align:left|color:%23f2b449|line_height:1em\u00bb google_fonts=\u00bbfont_family:Montserrat%3Aregular%2C700|font_style:700%20bold%20regular%3A700%3Anormal\u00bb css=\u00bb.vc_custom_1580488188599{margin-bottom: 40px !important;}\u00bb][vc_column_text css=\u00bb.vc_custom_1580495196288{margin-bottom: 10px !important;}\u00bb] Je travaille comme cam\u00e9raman depuis 2000, bas\u00e9 \u00e0 Barcelone, en Espagne. Dipl\u00f4m\u00e9 en tant que Technicien Sup\u00e9rieur en Image de l&#8217;\u00c9cole Polytechnique Sant Ignasi Sarri\u00e0, Barcelone, je suis sp\u00e9cialis\u00e9 dans l&#8217;image sous-marine et la [&hellip;]\" \/>\n<meta property=\"og:url\" content=\"https:\/\/carlescastillo.com\/web\/fr\/sur-moi\/\" \/>\n<meta property=\"og:site_name\" content=\"Carles Castillo\" \/>\n<meta property=\"article:publisher\" content=\"https:\/\/www.facebook.com\/carles.castillo.96\" \/>\n<meta property=\"article:modified_time\" content=\"2023-04-28T06:43:22+00:00\" \/>\n<meta name=\"twitter:card\" content=\"summary_large_image\" \/>\n<meta name=\"twitter:site\" content=\"@carlescastillo_\" \/>\n<meta name=\"twitter:label1\" content=\"Tiempo de lectura\" \/>\n\t<meta name=\"twitter:data1\" content=\"3 minutos\" \/>\n<script type=\"application\/ld+json\" class=\"yoast-schema-graph\">{\"@context\":\"https:\/\/schema.org\",\"@graph\":[{\"@type\":\"WebPage\",\"@id\":\"https:\/\/carlescastillo.com\/web\/fr\/sur-moi\/\",\"url\":\"https:\/\/carlescastillo.com\/web\/fr\/sur-moi\/\",\"name\":\"Sur moi - Carles Castillo\",\"isPartOf\":{\"@id\":\"https:\/\/carlescastillo.com\/web\/#website\"},\"datePublished\":\"2020-01-28T11:37:56+00:00\",\"dateModified\":\"2023-04-28T06:43:22+00:00\",\"breadcrumb\":{\"@id\":\"https:\/\/carlescastillo.com\/web\/fr\/sur-moi\/#breadcrumb\"},\"inLanguage\":\"es\",\"potentialAction\":[{\"@type\":\"ReadAction\",\"target\":[\"https:\/\/carlescastillo.com\/web\/fr\/sur-moi\/\"]}]},{\"@type\":\"BreadcrumbList\",\"@id\":\"https:\/\/carlescastillo.com\/web\/fr\/sur-moi\/#breadcrumb\",\"itemListElement\":[{\"@type\":\"ListItem\",\"position\":1,\"name\":\"Portada\",\"item\":\"https:\/\/carlescastillo.com\/web\/\"},{\"@type\":\"ListItem\",\"position\":2,\"name\":\"Sur moi\"}]},{\"@type\":\"WebSite\",\"@id\":\"https:\/\/carlescastillo.com\/web\/#website\",\"url\":\"https:\/\/carlescastillo.com\/web\/\",\"name\":\"Carles Castillo\",\"description\":\"Web oficial\",\"publisher\":{\"@id\":\"https:\/\/carlescastillo.com\/web\/#organization\"},\"potentialAction\":[{\"@type\":\"SearchAction\",\"target\":{\"@type\":\"EntryPoint\",\"urlTemplate\":\"https:\/\/carlescastillo.com\/web\/?s={search_term_string}\"},\"query-input\":\"required name=search_term_string\"}],\"inLanguage\":\"es\"},{\"@type\":\"Organization\",\"@id\":\"https:\/\/carlescastillo.com\/web\/#organization\",\"name\":\"Carles Castillo\",\"url\":\"https:\/\/carlescastillo.com\/web\/\",\"logo\":{\"@type\":\"ImageObject\",\"inLanguage\":\"es\",\"@id\":\"https:\/\/carlescastillo.com\/web\/#\/schema\/logo\/image\/\",\"url\":\"https:\/\/carlescastillo.com\/web\/wp-content\/uploads\/2020\/02\/logo_cc_dark_retina.png\",\"contentUrl\":\"https:\/\/carlescastillo.com\/web\/wp-content\/uploads\/2020\/02\/logo_cc_dark_retina.png\",\"width\":444,\"height\":200,\"caption\":\"Carles Castillo\"},\"image\":{\"@id\":\"https:\/\/carlescastillo.com\/web\/#\/schema\/logo\/image\/\"},\"sameAs\":[\"https:\/\/www.facebook.com\/carles.castillo.96\",\"https:\/\/twitter.com\/carlescastillo_\",\"https:\/\/www.instagram.com\/carles.castillo\/\",\"https:\/\/es.linkedin.com\/in\/carlescastillo\",\"https:\/\/www.youtube.com\/channel\/UCUdOfQOvQMQoNJENFeaGK1A\"]}]}<\/script>\n<!-- \/ Yoast SEO plugin. -->","yoast_head_json":{"title":"Sur moi - Carles Castillo","robots":{"index":"index","follow":"follow","max-snippet":"max-snippet:-1","max-image-preview":"max-image-preview:large","max-video-preview":"max-video-preview:-1"},"canonical":"https:\/\/carlescastillo.com\/web\/fr\/sur-moi\/","og_locale":"es_ES","og_type":"article","og_title":"Sur moi - Carles Castillo","og_description":"[vc_row gap=\u00bb35&#8243; css=\u00bb.vc_custom_1580204172250{padding-top: 50px !important;padding-bottom: 100px !important;}\u00bb][vc_column width=\u00bb1\/2&#8243;][vc_single_image image=\u00bb1195&#8243; img_size=\u00bbfull\u00bb][\/vc_column][vc_column width=\u00bb1\/2&#8243;][vc_custom_heading text=\u00bbCARLES CASTILLO\u00bb font_container=\u00bbtag:h2|font_size:40px|text_align:left|color:%23f2b449|line_height:1em\u00bb google_fonts=\u00bbfont_family:Montserrat%3Aregular%2C700|font_style:700%20bold%20regular%3A700%3Anormal\u00bb css=\u00bb.vc_custom_1580488188599{margin-bottom: 40px !important;}\u00bb][vc_column_text css=\u00bb.vc_custom_1580495196288{margin-bottom: 10px !important;}\u00bb] Je travaille comme cam\u00e9raman depuis 2000, bas\u00e9 \u00e0 Barcelone, en Espagne. Dipl\u00f4m\u00e9 en tant que Technicien Sup\u00e9rieur en Image de l&#8217;\u00c9cole Polytechnique Sant Ignasi Sarri\u00e0, Barcelone, je suis sp\u00e9cialis\u00e9 dans l&#8217;image sous-marine et la [&hellip;]","og_url":"https:\/\/carlescastillo.com\/web\/fr\/sur-moi\/","og_site_name":"Carles Castillo","article_publisher":"https:\/\/www.facebook.com\/carles.castillo.96","article_modified_time":"2023-04-28T06:43:22+00:00","twitter_card":"summary_large_image","twitter_site":"@carlescastillo_","twitter_misc":{"Tiempo de lectura":"3 minutos"},"schema":{"@context":"https:\/\/schema.org","@graph":[{"@type":"WebPage","@id":"https:\/\/carlescastillo.com\/web\/fr\/sur-moi\/","url":"https:\/\/carlescastillo.com\/web\/fr\/sur-moi\/","name":"Sur moi - Carles Castillo","isPartOf":{"@id":"https:\/\/carlescastillo.com\/web\/#website"},"datePublished":"2020-01-28T11:37:56+00:00","dateModified":"2023-04-28T06:43:22+00:00","breadcrumb":{"@id":"https:\/\/carlescastillo.com\/web\/fr\/sur-moi\/#breadcrumb"},"inLanguage":"es","potentialAction":[{"@type":"ReadAction","target":["https:\/\/carlescastillo.com\/web\/fr\/sur-moi\/"]}]},{"@type":"BreadcrumbList","@id":"https:\/\/carlescastillo.com\/web\/fr\/sur-moi\/#breadcrumb","itemListElement":[{"@type":"ListItem","position":1,"name":"Portada","item":"https:\/\/carlescastillo.com\/web\/"},{"@type":"ListItem","position":2,"name":"Sur moi"}]},{"@type":"WebSite","@id":"https:\/\/carlescastillo.com\/web\/#website","url":"https:\/\/carlescastillo.com\/web\/","name":"Carles Castillo","description":"Web oficial","publisher":{"@id":"https:\/\/carlescastillo.com\/web\/#organization"},"potentialAction":[{"@type":"SearchAction","target":{"@type":"EntryPoint","urlTemplate":"https:\/\/carlescastillo.com\/web\/?s={search_term_string}"},"query-input":"required name=search_term_string"}],"inLanguage":"es"},{"@type":"Organization","@id":"https:\/\/carlescastillo.com\/web\/#organization","name":"Carles Castillo","url":"https:\/\/carlescastillo.com\/web\/","logo":{"@type":"ImageObject","inLanguage":"es","@id":"https:\/\/carlescastillo.com\/web\/#\/schema\/logo\/image\/","url":"https:\/\/carlescastillo.com\/web\/wp-content\/uploads\/2020\/02\/logo_cc_dark_retina.png","contentUrl":"https:\/\/carlescastillo.com\/web\/wp-content\/uploads\/2020\/02\/logo_cc_dark_retina.png","width":444,"height":200,"caption":"Carles Castillo"},"image":{"@id":"https:\/\/carlescastillo.com\/web\/#\/schema\/logo\/image\/"},"sameAs":["https:\/\/www.facebook.com\/carles.castillo.96","https:\/\/twitter.com\/carlescastillo_","https:\/\/www.instagram.com\/carles.castillo\/","https:\/\/es.linkedin.com\/in\/carlescastillo","https:\/\/www.youtube.com\/channel\/UCUdOfQOvQMQoNJENFeaGK1A"]}]}},"_links":{"self":[{"href":"https:\/\/carlescastillo.com\/web\/wp-json\/wp\/v2\/pages\/998"}],"collection":[{"href":"https:\/\/carlescastillo.com\/web\/wp-json\/wp\/v2\/pages"}],"about":[{"href":"https:\/\/carlescastillo.com\/web\/wp-json\/wp\/v2\/types\/page"}],"author":[{"embeddable":true,"href":"https:\/\/carlescastillo.com\/web\/wp-json\/wp\/v2\/users\/1"}],"replies":[{"embeddable":true,"href":"https:\/\/carlescastillo.com\/web\/wp-json\/wp\/v2\/comments?post=998"}],"version-history":[{"count":10,"href":"https:\/\/carlescastillo.com\/web\/wp-json\/wp\/v2\/pages\/998\/revisions"}],"predecessor-version":[{"id":1591,"href":"https:\/\/carlescastillo.com\/web\/wp-json\/wp\/v2\/pages\/998\/revisions\/1591"}],"wp:attachment":[{"href":"https:\/\/carlescastillo.com\/web\/wp-json\/wp\/v2\/media?parent=998"}],"curies":[{"name":"wp","href":"https:\/\/api.w.org\/{rel}","templated":true}]}}