{"id":1072,"date":"2020-01-30T17:28:03","date_gmt":"2020-01-30T17:28:03","guid":{"rendered":"https:\/\/carlescastillo.com\/web\/?page_id=1072"},"modified":"2020-03-09T11:35:01","modified_gmt":"2020-03-09T11:35:01","slug":"cambio-climatico","status":"publish","type":"page","link":"https:\/\/carlescastillo.com\/web\/cambio-climatico\/","title":{"rendered":"Cambio clim\u00e1tico"},"content":{"rendered":"<p>[vc_row][vc_column][vc_custom_heading text=\u00bb\u00bfQu\u00e9 cambios he notado con el cambio clim\u00e1tico?\u00bb font_container=\u00bbtag:h2|text_align:center\u00bb use_theme_fonts=\u00bbyes\u00bb][vc_empty_space][\/vc_column][\/vc_row][vc_row][vc_column][vc_column_text css=\u00bb.vc_custom_1583426302351{padding-top: 20px !important;padding-right: 20px !important;padding-bottom: 20px !important;padding-left: 20px !important;background-color: #353535 !important;border-radius: 5px !important;}\u00bb]<\/p>\n<p style=\"text-align: justify;\">Para empezar, la muerte de corales o la entrada de peces y otras especies tropicales en el mar Mediterr\u00e1neo, posiblemente debido al aumento de la temperatura del agua.<\/p>\n<p style=\"text-align: justify;\">En cuanto a tierra firme, se aprecia notablemente un cambio en el comportamiento de algunos animales. Como ejemplo podr\u00edamos decir que la berrea del ciervo de monta\u00f1a parece ser que cada a\u00f1o empieza m\u00e1s tarde, los jabal\u00edes se asientan en territorios monta\u00f1osos de m\u00e1s altitud y la migraci\u00f3n de las torcaces es cada vez menor debido a los inviernos menos fr\u00edos de sus lugares de or\u00edgen\u2026<\/p>\n<p style=\"text-align: justify;\">Esta falta de fr\u00edo parece el denominador com\u00fan de las variaciones en el comportamiento de todos estos animales.<\/p>\n<p>[\/vc_column_text][\/vc_column][\/vc_row]<\/p>\n","protected":false},"excerpt":{"rendered":"<p>[vc_row][vc_column][vc_custom_heading text=\u00bb\u00bfQu\u00e9 cambios he notado con el cambio clim\u00e1tico?\u00bb font_container=\u00bbtag:h2|text_align:center\u00bb use_theme_fonts=\u00bbyes\u00bb][vc_empty_space][\/vc_column][\/vc_row][vc_row][vc_column][vc_column_text css=\u00bb.vc_custom_1583426302351{padding-top: 20px !important;padding-right: 20px !important;padding-bottom: 20px !important;padding-left: 20px !important;background-color: #353535 !important;border-radius: 5px !important;}\u00bb] Para empezar, la muerte de corales o la entrada de peces y otras especies tropicales en el mar Mediterr\u00e1neo, posiblemente debido al aumento de la temperatura del agua. En cuanto a [&hellip;]<\/p>\n","protected":false},"author":1,"featured_media":1129,"parent":0,"menu_order":0,"comment_status":"closed","ping_status":"closed","template":"","meta":{"footnotes":""},"yoast_head":"<!-- This site is optimized with the Yoast SEO plugin v22.3 - https:\/\/yoast.com\/wordpress\/plugins\/seo\/ -->\n<title>Carles Castillo Nature Productions | Cambio Clim\u00e1tico<\/title>\n<meta name=\"description\" content=\"Cambio Clim\u00e1tico | La muerte de corales o la entrada de peces y otras especies tropicales en el mar Mediterr\u00e1neo, posiblemente debido al aumento de la...\" \/>\n<meta name=\"robots\" content=\"index, follow, max-snippet:-1, max-image-preview:large, max-video-preview:-1\" \/>\n<link rel=\"canonical\" href=\"https:\/\/carlescastillo.com\/web\/cambio-climatico\/\" \/>\n<meta property=\"og:locale\" content=\"es_ES\" \/>\n<meta property=\"og:type\" content=\"article\" \/>\n<meta property=\"og:title\" content=\"Carles Castillo Nature Productions | Cambio Clim\u00e1tico\" \/>\n<meta property=\"og:description\" content=\"Cambio Clim\u00e1tico | La muerte de corales o la entrada de peces y otras especies tropicales en el mar Mediterr\u00e1neo, posiblemente debido al aumento de la...\" \/>\n<meta property=\"og:url\" content=\"https:\/\/carlescastillo.com\/web\/cambio-climatico\/\" \/>\n<meta property=\"og:site_name\" content=\"Carles Castillo\" \/>\n<meta property=\"article:publisher\" content=\"https:\/\/www.facebook.com\/carles.castillo.96\" \/>\n<meta property=\"article:modified_time\" content=\"2020-03-09T11:35:01+00:00\" \/>\n<meta property=\"og:image\" content=\"https:\/\/carlescastillo.com\/web\/wp-content\/uploads\/2020\/01\/43.jpg\" \/>\n\t<meta property=\"og:image:width\" content=\"1000\" \/>\n\t<meta property=\"og:image:height\" content=\"650\" \/>\n\t<meta property=\"og:image:type\" content=\"image\/jpeg\" \/>\n<meta name=\"twitter:card\" content=\"summary_large_image\" \/>\n<meta name=\"twitter:site\" content=\"@carlescastillo_\" \/>\n<meta name=\"twitter:label1\" content=\"Tiempo de lectura\" \/>\n\t<meta name=\"twitter:data1\" content=\"1 minuto\" \/>\n<script type=\"application\/ld+json\" class=\"yoast-schema-graph\">{\"@context\":\"https:\/\/schema.org\",\"@graph\":[{\"@type\":\"WebPage\",\"@id\":\"https:\/\/carlescastillo.com\/web\/cambio-climatico\/\",\"url\":\"https:\/\/carlescastillo.com\/web\/cambio-climatico\/\",\"name\":\"Carles Castillo Nature Productions | Cambio Clim\u00e1tico\",\"isPartOf\":{\"@id\":\"https:\/\/carlescastillo.com\/web\/#website\"},\"primaryImageOfPage\":{\"@id\":\"https:\/\/carlescastillo.com\/web\/cambio-climatico\/#primaryimage\"},\"image\":{\"@id\":\"https:\/\/carlescastillo.com\/web\/cambio-climatico\/#primaryimage\"},\"thumbnailUrl\":\"https:\/\/carlescastillo.com\/web\/wp-content\/uploads\/2020\/01\/43.jpg\",\"datePublished\":\"2020-01-30T17:28:03+00:00\",\"dateModified\":\"2020-03-09T11:35:01+00:00\",\"description\":\"Cambio Clim\u00e1tico | La muerte de corales o la entrada de peces y otras especies tropicales en el mar Mediterr\u00e1neo, posiblemente debido al aumento de la...\",\"breadcrumb\":{\"@id\":\"https:\/\/carlescastillo.com\/web\/cambio-climatico\/#breadcrumb\"},\"inLanguage\":\"es\",\"potentialAction\":[{\"@type\":\"ReadAction\",\"target\":[\"https:\/\/carlescastillo.com\/web\/cambio-climatico\/\"]}]},{\"@type\":\"ImageObject\",\"inLanguage\":\"es\",\"@id\":\"https:\/\/carlescastillo.com\/web\/cambio-climatico\/#primaryimage\",\"url\":\"https:\/\/carlescastillo.com\/web\/wp-content\/uploads\/2020\/01\/43.jpg\",\"contentUrl\":\"https:\/\/carlescastillo.com\/web\/wp-content\/uploads\/2020\/01\/43.jpg\",\"width\":1000,\"height\":650,\"caption\":\"Cambio Clim\u00e1tico\"},{\"@type\":\"BreadcrumbList\",\"@id\":\"https:\/\/carlescastillo.com\/web\/cambio-climatico\/#breadcrumb\",\"itemListElement\":[{\"@type\":\"ListItem\",\"position\":1,\"name\":\"Portada\",\"item\":\"https:\/\/carlescastillo.com\/web\/\"},{\"@type\":\"ListItem\",\"position\":2,\"name\":\"Cambio clim\u00e1tico\"}]},{\"@type\":\"WebSite\",\"@id\":\"https:\/\/carlescastillo.com\/web\/#website\",\"url\":\"https:\/\/carlescastillo.com\/web\/\",\"name\":\"Carles Castillo\",\"description\":\"Web oficial\",\"publisher\":{\"@id\":\"https:\/\/carlescastillo.com\/web\/#organization\"},\"potentialAction\":[{\"@type\":\"SearchAction\",\"target\":{\"@type\":\"EntryPoint\",\"urlTemplate\":\"https:\/\/carlescastillo.com\/web\/?s={search_term_string}\"},\"query-input\":\"required name=search_term_string\"}],\"inLanguage\":\"es\"},{\"@type\":\"Organization\",\"@id\":\"https:\/\/carlescastillo.com\/web\/#organization\",\"name\":\"Carles Castillo\",\"url\":\"https:\/\/carlescastillo.com\/web\/\",\"logo\":{\"@type\":\"ImageObject\",\"inLanguage\":\"es\",\"@id\":\"https:\/\/carlescastillo.com\/web\/#\/schema\/logo\/image\/\",\"url\":\"https:\/\/carlescastillo.com\/web\/wp-content\/uploads\/2020\/02\/logo_cc_dark_retina.png\",\"contentUrl\":\"https:\/\/carlescastillo.com\/web\/wp-content\/uploads\/2020\/02\/logo_cc_dark_retina.png\",\"width\":444,\"height\":200,\"caption\":\"Carles Castillo\"},\"image\":{\"@id\":\"https:\/\/carlescastillo.com\/web\/#\/schema\/logo\/image\/\"},\"sameAs\":[\"https:\/\/www.facebook.com\/carles.castillo.96\",\"https:\/\/twitter.com\/carlescastillo_\",\"https:\/\/www.instagram.com\/carles.castillo\/\",\"https:\/\/es.linkedin.com\/in\/carlescastillo\",\"https:\/\/www.youtube.com\/channel\/UCUdOfQOvQMQoNJENFeaGK1A\"]}]}<\/script>\n<!-- \/ Yoast SEO plugin. -->","yoast_head_json":{"title":"Carles Castillo Nature Productions | Cambio Clim\u00e1tico","description":"Cambio Clim\u00e1tico | La muerte de corales o la entrada de peces y otras especies tropicales en el mar Mediterr\u00e1neo, posiblemente debido al aumento de la...","robots":{"index":"index","follow":"follow","max-snippet":"max-snippet:-1","max-image-preview":"max-image-preview:large","max-video-preview":"max-video-preview:-1"},"canonical":"https:\/\/carlescastillo.com\/web\/cambio-climatico\/","og_locale":"es_ES","og_type":"article","og_title":"Carles Castillo Nature Productions | Cambio Clim\u00e1tico","og_description":"Cambio Clim\u00e1tico | La muerte de corales o la entrada de peces y otras especies tropicales en el mar Mediterr\u00e1neo, posiblemente debido al aumento de la...","og_url":"https:\/\/carlescastillo.com\/web\/cambio-climatico\/","og_site_name":"Carles Castillo","article_publisher":"https:\/\/www.facebook.com\/carles.castillo.96","article_modified_time":"2020-03-09T11:35:01+00:00","og_image":[{"width":1000,"height":650,"url":"https:\/\/carlescastillo.com\/web\/wp-content\/uploads\/2020\/01\/43.jpg","type":"image\/jpeg"}],"twitter_card":"summary_large_image","twitter_site":"@carlescastillo_","twitter_misc":{"Tiempo de lectura":"1 minuto"},"schema":{"@context":"https:\/\/schema.org","@graph":[{"@type":"WebPage","@id":"https:\/\/carlescastillo.com\/web\/cambio-climatico\/","url":"https:\/\/carlescastillo.com\/web\/cambio-climatico\/","name":"Carles Castillo Nature Productions | Cambio Clim\u00e1tico","isPartOf":{"@id":"https:\/\/carlescastillo.com\/web\/#website"},"primaryImageOfPage":{"@id":"https:\/\/carlescastillo.com\/web\/cambio-climatico\/#primaryimage"},"image":{"@id":"https:\/\/carlescastillo.com\/web\/cambio-climatico\/#primaryimage"},"thumbnailUrl":"https:\/\/carlescastillo.com\/web\/wp-content\/uploads\/2020\/01\/43.jpg","datePublished":"2020-01-30T17:28:03+00:00","dateModified":"2020-03-09T11:35:01+00:00","description":"Cambio Clim\u00e1tico | La muerte de corales o la entrada de peces y otras especies tropicales en el mar Mediterr\u00e1neo, posiblemente debido al aumento de la...","breadcrumb":{"@id":"https:\/\/carlescastillo.com\/web\/cambio-climatico\/#breadcrumb"},"inLanguage":"es","potentialAction":[{"@type":"ReadAction","target":["https:\/\/carlescastillo.com\/web\/cambio-climatico\/"]}]},{"@type":"ImageObject","inLanguage":"es","@id":"https:\/\/carlescastillo.com\/web\/cambio-climatico\/#primaryimage","url":"https:\/\/carlescastillo.com\/web\/wp-content\/uploads\/2020\/01\/43.jpg","contentUrl":"https:\/\/carlescastillo.com\/web\/wp-content\/uploads\/2020\/01\/43.jpg","width":1000,"height":650,"caption":"Cambio Clim\u00e1tico"},{"@type":"BreadcrumbList","@id":"https:\/\/carlescastillo.com\/web\/cambio-climatico\/#breadcrumb","itemListElement":[{"@type":"ListItem","position":1,"name":"Portada","item":"https:\/\/carlescastillo.com\/web\/"},{"@type":"ListItem","position":2,"name":"Cambio clim\u00e1tico"}]},{"@type":"WebSite","@id":"https:\/\/carlescastillo.com\/web\/#website","url":"https:\/\/carlescastillo.com\/web\/","name":"Carles Castillo","description":"Web oficial","publisher":{"@id":"https:\/\/carlescastillo.com\/web\/#organization"},"potentialAction":[{"@type":"SearchAction","target":{"@type":"EntryPoint","urlTemplate":"https:\/\/carlescastillo.com\/web\/?s={search_term_string}"},"query-input":"required name=search_term_string"}],"inLanguage":"es"},{"@type":"Organization","@id":"https:\/\/carlescastillo.com\/web\/#organization","name":"Carles Castillo","url":"https:\/\/carlescastillo.com\/web\/","logo":{"@type":"ImageObject","inLanguage":"es","@id":"https:\/\/carlescastillo.com\/web\/#\/schema\/logo\/image\/","url":"https:\/\/carlescastillo.com\/web\/wp-content\/uploads\/2020\/02\/logo_cc_dark_retina.png","contentUrl":"https:\/\/carlescastillo.com\/web\/wp-content\/uploads\/2020\/02\/logo_cc_dark_retina.png","width":444,"height":200,"caption":"Carles Castillo"},"image":{"@id":"https:\/\/carlescastillo.com\/web\/#\/schema\/logo\/image\/"},"sameAs":["https:\/\/www.facebook.com\/carles.castillo.96","https:\/\/twitter.com\/carlescastillo_","https:\/\/www.instagram.com\/carles.castillo\/","https:\/\/es.linkedin.com\/in\/carlescastillo","https:\/\/www.youtube.com\/channel\/UCUdOfQOvQMQoNJENFeaGK1A"]}]}},"_links":{"self":[{"href":"https:\/\/carlescastillo.com\/web\/wp-json\/wp\/v2\/pages\/1072"}],"collection":[{"href":"https:\/\/carlescastillo.com\/web\/wp-json\/wp\/v2\/pages"}],"about":[{"href":"https:\/\/carlescastillo.com\/web\/wp-json\/wp\/v2\/types\/page"}],"author":[{"embeddable":true,"href":"https:\/\/carlescastillo.com\/web\/wp-json\/wp\/v2\/users\/1"}],"replies":[{"embeddable":true,"href":"https:\/\/carlescastillo.com\/web\/wp-json\/wp\/v2\/comments?post=1072"}],"version-history":[{"count":7,"href":"https:\/\/carlescastillo.com\/web\/wp-json\/wp\/v2\/pages\/1072\/revisions"}],"predecessor-version":[{"id":1379,"href":"https:\/\/carlescastillo.com\/web\/wp-json\/wp\/v2\/pages\/1072\/revisions\/1379"}],"wp:featuredmedia":[{"embeddable":true,"href":"https:\/\/carlescastillo.com\/web\/wp-json\/wp\/v2\/media\/1129"}],"wp:attachment":[{"href":"https:\/\/carlescastillo.com\/web\/wp-json\/wp\/v2\/media?parent=1072"}],"curies":[{"name":"wp","href":"https:\/\/api.w.org\/{rel}","templated":true}]}}