{"id":1025,"date":"2020-01-30T09:32:01","date_gmt":"2020-01-30T09:32:01","guid":{"rendered":"https:\/\/carlescastillo.com\/web\/?page_id=1025"},"modified":"2020-03-09T11:31:00","modified_gmt":"2020-03-09T11:31:00","slug":"en-la-naturaleza","status":"publish","type":"page","link":"https:\/\/carlescastillo.com\/web\/en-la-naturaleza\/","title":{"rendered":"En la naturaleza"},"content":{"rendered":"<p>[vc_row gap=\u00bb25&#8243;][vc_column width=\u00bb1\/3&#8243;][vc_single_image image=\u00bb1027&#8243; img_size=\u00bb600&#215;600&#8243; onclick=\u00bblink_image\u00bb][vc_column_text]Grabando animales en Sud\u00e1frica, cerca del Kruger National Park[\/vc_column_text][\/vc_column][vc_column width=\u00bb1\/3&#8243;][vc_single_image image=\u00bb1028&#8243; img_size=\u00bb600&#215;600&#8243; onclick=\u00bblink_image\u00bb][vc_column_text]Preparando la entrada para grabar en un r\u00edo de monta\u00f1a[\/vc_column_text][\/vc_column][vc_column width=\u00bb1\/3&#8243;][vc_single_image image=\u00bb1029&#8243; img_size=\u00bb600&#215;600&#8243; onclick=\u00bblink_image\u00bb][vc_column_text]A punto de visualizar las im\u00e1genes obtenidas en la Costa Brava[\/vc_column_text][\/vc_column][\/vc_row][vc_row gap=\u00bb25&#8243;][vc_column width=\u00bb1\/3&#8243;][vc_single_image image=\u00bb1030&#8243; img_size=\u00bb600&#215;600&#8243; onclick=\u00bblink_image\u00bb][vc_column_text]Grabando el macho mont\u00e9s en el Sureste de Espa\u00f1a[\/vc_column_text][\/vc_column][vc_column width=\u00bb1\/3&#8243;][vc_single_image image=\u00bb1031&#8243; img_size=\u00bb600&#215;600&#8243;][vc_column_text]En el Pirineo Franc\u00e9s haciendo una espera al ciervo de monta\u00f1a[\/vc_column_text][\/vc_column][vc_column width=\u00bb1\/3&#8243;][vc_single_image image=\u00bb1032&#8243; img_size=\u00bb460&#215;460&#8243; onclick=\u00bblink_image\u00bb][vc_column_text]Grabando los fondos de Papua Nueva Guinea[\/vc_column_text][\/vc_column][\/vc_row]<\/p>\n","protected":false},"excerpt":{"rendered":"<p>[vc_row gap=\u00bb25&#8243;][vc_column width=\u00bb1\/3&#8243;][vc_single_image image=\u00bb1027&#8243; img_size=\u00bb600&#215;600&#8243; onclick=\u00bblink_image\u00bb][vc_column_text]Grabando animales en Sud\u00e1frica, cerca del Kruger National Park[\/vc_column_text][\/vc_column][vc_column width=\u00bb1\/3&#8243;][vc_single_image image=\u00bb1028&#8243; img_size=\u00bb600&#215;600&#8243; onclick=\u00bblink_image\u00bb][vc_column_text]Preparando la entrada para grabar en un r\u00edo de monta\u00f1a[\/vc_column_text][\/vc_column][vc_column width=\u00bb1\/3&#8243;][vc_single_image image=\u00bb1029&#8243; img_size=\u00bb600&#215;600&#8243; onclick=\u00bblink_image\u00bb][vc_column_text]A punto de visualizar las im\u00e1genes obtenidas en la Costa Brava[\/vc_column_text][\/vc_column][\/vc_row][vc_row gap=\u00bb25&#8243;][vc_column width=\u00bb1\/3&#8243;][vc_single_image image=\u00bb1030&#8243; img_size=\u00bb600&#215;600&#8243; onclick=\u00bblink_image\u00bb][vc_column_text]Grabando el macho mont\u00e9s en el Sureste de Espa\u00f1a[\/vc_column_text][\/vc_column][vc_column width=\u00bb1\/3&#8243;][vc_single_image [&hellip;]<\/p>\n","protected":false},"author":1,"featured_media":1031,"parent":0,"menu_order":0,"comment_status":"closed","ping_status":"closed","template":"","meta":{"footnotes":""},"yoast_head":"<!-- This site is optimized with the Yoast SEO plugin v22.3 - https:\/\/yoast.com\/wordpress\/plugins\/seo\/ -->\n<title>Carles Castillo Nature Productions | En la Naturaleza<\/title>\n<meta name=\"description\" content=\"En la naturaleza. Aqu\u00ed podr\u00e1s ver algunos de los trabajos m\u00e1s importantes de Carles Castillo Nature Productions, como grabaciones y otros trabajos.\" \/>\n<meta name=\"robots\" content=\"index, follow, max-snippet:-1, max-image-preview:large, max-video-preview:-1\" \/>\n<link rel=\"canonical\" href=\"https:\/\/carlescastillo.com\/web\/en-la-naturaleza\/\" \/>\n<meta property=\"og:locale\" content=\"es_ES\" \/>\n<meta property=\"og:type\" content=\"article\" \/>\n<meta property=\"og:title\" content=\"Carles Castillo Nature Productions | En la Naturaleza\" \/>\n<meta property=\"og:description\" content=\"En la naturaleza. Aqu\u00ed podr\u00e1s ver algunos de los trabajos m\u00e1s importantes de Carles Castillo Nature Productions, como grabaciones y otros trabajos.\" \/>\n<meta property=\"og:url\" content=\"https:\/\/carlescastillo.com\/web\/en-la-naturaleza\/\" \/>\n<meta property=\"og:site_name\" content=\"Carles Castillo\" \/>\n<meta property=\"article:publisher\" content=\"https:\/\/www.facebook.com\/carles.castillo.96\" \/>\n<meta property=\"article:modified_time\" content=\"2020-03-09T11:31:00+00:00\" \/>\n<meta property=\"og:image\" content=\"https:\/\/carlescastillo.com\/web\/wp-content\/uploads\/2020\/01\/en-la-naturaleza-5.jpg\" \/>\n\t<meta property=\"og:image:width\" content=\"750\" \/>\n\t<meta property=\"og:image:height\" content=\"1000\" \/>\n\t<meta property=\"og:image:type\" content=\"image\/jpeg\" \/>\n<meta name=\"twitter:card\" content=\"summary_large_image\" \/>\n<meta name=\"twitter:site\" content=\"@carlescastillo_\" \/>\n<meta name=\"twitter:label1\" content=\"Tiempo de lectura\" \/>\n\t<meta name=\"twitter:data1\" content=\"1 minuto\" \/>\n<script type=\"application\/ld+json\" class=\"yoast-schema-graph\">{\"@context\":\"https:\/\/schema.org\",\"@graph\":[{\"@type\":\"WebPage\",\"@id\":\"https:\/\/carlescastillo.com\/web\/en-la-naturaleza\/\",\"url\":\"https:\/\/carlescastillo.com\/web\/en-la-naturaleza\/\",\"name\":\"Carles Castillo Nature Productions | En la Naturaleza\",\"isPartOf\":{\"@id\":\"https:\/\/carlescastillo.com\/web\/#website\"},\"primaryImageOfPage\":{\"@id\":\"https:\/\/carlescastillo.com\/web\/en-la-naturaleza\/#primaryimage\"},\"image\":{\"@id\":\"https:\/\/carlescastillo.com\/web\/en-la-naturaleza\/#primaryimage\"},\"thumbnailUrl\":\"https:\/\/carlescastillo.com\/web\/wp-content\/uploads\/2020\/01\/en-la-naturaleza-5.jpg\",\"datePublished\":\"2020-01-30T09:32:01+00:00\",\"dateModified\":\"2020-03-09T11:31:00+00:00\",\"description\":\"En la naturaleza. Aqu\u00ed podr\u00e1s ver algunos de los trabajos m\u00e1s importantes de Carles Castillo Nature Productions, como grabaciones y otros trabajos.\",\"breadcrumb\":{\"@id\":\"https:\/\/carlescastillo.com\/web\/en-la-naturaleza\/#breadcrumb\"},\"inLanguage\":\"es\",\"potentialAction\":[{\"@type\":\"ReadAction\",\"target\":[\"https:\/\/carlescastillo.com\/web\/en-la-naturaleza\/\"]}]},{\"@type\":\"ImageObject\",\"inLanguage\":\"es\",\"@id\":\"https:\/\/carlescastillo.com\/web\/en-la-naturaleza\/#primaryimage\",\"url\":\"https:\/\/carlescastillo.com\/web\/wp-content\/uploads\/2020\/01\/en-la-naturaleza-5.jpg\",\"contentUrl\":\"https:\/\/carlescastillo.com\/web\/wp-content\/uploads\/2020\/01\/en-la-naturaleza-5.jpg\",\"width\":750,\"height\":1000,\"caption\":\"En la Naturaleza\"},{\"@type\":\"BreadcrumbList\",\"@id\":\"https:\/\/carlescastillo.com\/web\/en-la-naturaleza\/#breadcrumb\",\"itemListElement\":[{\"@type\":\"ListItem\",\"position\":1,\"name\":\"Portada\",\"item\":\"https:\/\/carlescastillo.com\/web\/\"},{\"@type\":\"ListItem\",\"position\":2,\"name\":\"En la naturaleza\"}]},{\"@type\":\"WebSite\",\"@id\":\"https:\/\/carlescastillo.com\/web\/#website\",\"url\":\"https:\/\/carlescastillo.com\/web\/\",\"name\":\"Carles Castillo\",\"description\":\"Web oficial\",\"publisher\":{\"@id\":\"https:\/\/carlescastillo.com\/web\/#organization\"},\"potentialAction\":[{\"@type\":\"SearchAction\",\"target\":{\"@type\":\"EntryPoint\",\"urlTemplate\":\"https:\/\/carlescastillo.com\/web\/?s={search_term_string}\"},\"query-input\":\"required name=search_term_string\"}],\"inLanguage\":\"es\"},{\"@type\":\"Organization\",\"@id\":\"https:\/\/carlescastillo.com\/web\/#organization\",\"name\":\"Carles Castillo\",\"url\":\"https:\/\/carlescastillo.com\/web\/\",\"logo\":{\"@type\":\"ImageObject\",\"inLanguage\":\"es\",\"@id\":\"https:\/\/carlescastillo.com\/web\/#\/schema\/logo\/image\/\",\"url\":\"https:\/\/carlescastillo.com\/web\/wp-content\/uploads\/2020\/02\/logo_cc_dark_retina.png\",\"contentUrl\":\"https:\/\/carlescastillo.com\/web\/wp-content\/uploads\/2020\/02\/logo_cc_dark_retina.png\",\"width\":444,\"height\":200,\"caption\":\"Carles Castillo\"},\"image\":{\"@id\":\"https:\/\/carlescastillo.com\/web\/#\/schema\/logo\/image\/\"},\"sameAs\":[\"https:\/\/www.facebook.com\/carles.castillo.96\",\"https:\/\/twitter.com\/carlescastillo_\",\"https:\/\/www.instagram.com\/carles.castillo\/\",\"https:\/\/es.linkedin.com\/in\/carlescastillo\",\"https:\/\/www.youtube.com\/channel\/UCUdOfQOvQMQoNJENFeaGK1A\"]}]}<\/script>\n<!-- \/ Yoast SEO plugin. -->","yoast_head_json":{"title":"Carles Castillo Nature Productions | En la Naturaleza","description":"En la naturaleza. Aqu\u00ed podr\u00e1s ver algunos de los trabajos m\u00e1s importantes de Carles Castillo Nature Productions, como grabaciones y otros trabajos.","robots":{"index":"index","follow":"follow","max-snippet":"max-snippet:-1","max-image-preview":"max-image-preview:large","max-video-preview":"max-video-preview:-1"},"canonical":"https:\/\/carlescastillo.com\/web\/en-la-naturaleza\/","og_locale":"es_ES","og_type":"article","og_title":"Carles Castillo Nature Productions | En la Naturaleza","og_description":"En la naturaleza. Aqu\u00ed podr\u00e1s ver algunos de los trabajos m\u00e1s importantes de Carles Castillo Nature Productions, como grabaciones y otros trabajos.","og_url":"https:\/\/carlescastillo.com\/web\/en-la-naturaleza\/","og_site_name":"Carles Castillo","article_publisher":"https:\/\/www.facebook.com\/carles.castillo.96","article_modified_time":"2020-03-09T11:31:00+00:00","og_image":[{"width":750,"height":1000,"url":"https:\/\/carlescastillo.com\/web\/wp-content\/uploads\/2020\/01\/en-la-naturaleza-5.jpg","type":"image\/jpeg"}],"twitter_card":"summary_large_image","twitter_site":"@carlescastillo_","twitter_misc":{"Tiempo de lectura":"1 minuto"},"schema":{"@context":"https:\/\/schema.org","@graph":[{"@type":"WebPage","@id":"https:\/\/carlescastillo.com\/web\/en-la-naturaleza\/","url":"https:\/\/carlescastillo.com\/web\/en-la-naturaleza\/","name":"Carles Castillo Nature Productions | En la Naturaleza","isPartOf":{"@id":"https:\/\/carlescastillo.com\/web\/#website"},"primaryImageOfPage":{"@id":"https:\/\/carlescastillo.com\/web\/en-la-naturaleza\/#primaryimage"},"image":{"@id":"https:\/\/carlescastillo.com\/web\/en-la-naturaleza\/#primaryimage"},"thumbnailUrl":"https:\/\/carlescastillo.com\/web\/wp-content\/uploads\/2020\/01\/en-la-naturaleza-5.jpg","datePublished":"2020-01-30T09:32:01+00:00","dateModified":"2020-03-09T11:31:00+00:00","description":"En la naturaleza. Aqu\u00ed podr\u00e1s ver algunos de los trabajos m\u00e1s importantes de Carles Castillo Nature Productions, como grabaciones y otros trabajos.","breadcrumb":{"@id":"https:\/\/carlescastillo.com\/web\/en-la-naturaleza\/#breadcrumb"},"inLanguage":"es","potentialAction":[{"@type":"ReadAction","target":["https:\/\/carlescastillo.com\/web\/en-la-naturaleza\/"]}]},{"@type":"ImageObject","inLanguage":"es","@id":"https:\/\/carlescastillo.com\/web\/en-la-naturaleza\/#primaryimage","url":"https:\/\/carlescastillo.com\/web\/wp-content\/uploads\/2020\/01\/en-la-naturaleza-5.jpg","contentUrl":"https:\/\/carlescastillo.com\/web\/wp-content\/uploads\/2020\/01\/en-la-naturaleza-5.jpg","width":750,"height":1000,"caption":"En la Naturaleza"},{"@type":"BreadcrumbList","@id":"https:\/\/carlescastillo.com\/web\/en-la-naturaleza\/#breadcrumb","itemListElement":[{"@type":"ListItem","position":1,"name":"Portada","item":"https:\/\/carlescastillo.com\/web\/"},{"@type":"ListItem","position":2,"name":"En la naturaleza"}]},{"@type":"WebSite","@id":"https:\/\/carlescastillo.com\/web\/#website","url":"https:\/\/carlescastillo.com\/web\/","name":"Carles Castillo","description":"Web oficial","publisher":{"@id":"https:\/\/carlescastillo.com\/web\/#organization"},"potentialAction":[{"@type":"SearchAction","target":{"@type":"EntryPoint","urlTemplate":"https:\/\/carlescastillo.com\/web\/?s={search_term_string}"},"query-input":"required name=search_term_string"}],"inLanguage":"es"},{"@type":"Organization","@id":"https:\/\/carlescastillo.com\/web\/#organization","name":"Carles Castillo","url":"https:\/\/carlescastillo.com\/web\/","logo":{"@type":"ImageObject","inLanguage":"es","@id":"https:\/\/carlescastillo.com\/web\/#\/schema\/logo\/image\/","url":"https:\/\/carlescastillo.com\/web\/wp-content\/uploads\/2020\/02\/logo_cc_dark_retina.png","contentUrl":"https:\/\/carlescastillo.com\/web\/wp-content\/uploads\/2020\/02\/logo_cc_dark_retina.png","width":444,"height":200,"caption":"Carles Castillo"},"image":{"@id":"https:\/\/carlescastillo.com\/web\/#\/schema\/logo\/image\/"},"sameAs":["https:\/\/www.facebook.com\/carles.castillo.96","https:\/\/twitter.com\/carlescastillo_","https:\/\/www.instagram.com\/carles.castillo\/","https:\/\/es.linkedin.com\/in\/carlescastillo","https:\/\/www.youtube.com\/channel\/UCUdOfQOvQMQoNJENFeaGK1A"]}]}},"_links":{"self":[{"href":"https:\/\/carlescastillo.com\/web\/wp-json\/wp\/v2\/pages\/1025"}],"collection":[{"href":"https:\/\/carlescastillo.com\/web\/wp-json\/wp\/v2\/pages"}],"about":[{"href":"https:\/\/carlescastillo.com\/web\/wp-json\/wp\/v2\/types\/page"}],"author":[{"embeddable":true,"href":"https:\/\/carlescastillo.com\/web\/wp-json\/wp\/v2\/users\/1"}],"replies":[{"embeddable":true,"href":"https:\/\/carlescastillo.com\/web\/wp-json\/wp\/v2\/comments?post=1025"}],"version-history":[{"count":26,"href":"https:\/\/carlescastillo.com\/web\/wp-json\/wp\/v2\/pages\/1025\/revisions"}],"predecessor-version":[{"id":1378,"href":"https:\/\/carlescastillo.com\/web\/wp-json\/wp\/v2\/pages\/1025\/revisions\/1378"}],"wp:featuredmedia":[{"embeddable":true,"href":"https:\/\/carlescastillo.com\/web\/wp-json\/wp\/v2\/media\/1031"}],"wp:attachment":[{"href":"https:\/\/carlescastillo.com\/web\/wp-json\/wp\/v2\/media?parent=1025"}],"curies":[{"name":"wp","href":"https:\/\/api.w.org\/{rel}","templated":true}]}}